-j**3 + 8*j**2 - 2*j + 9. Determine i(8).
-7
Let s(f) = f - 2. What is s(-1)?
-3
Let a(i) = -2*i + 43. Give a(20).
3
Let u(i) = -i**3 - 8*i**2 - 10*i + 11. Calculate u(-4).
-13
Let d(u) = -u**3 + 13*u**2 + 2*u - 19. Determine d(13).
7
Let m(b) = -b**3 - 19*b**2 + 2*b + 14. Give m(-19).
-24
Let r(w) = -w**3 - 6*w**2 - 2*w - 2. Give r(-5).
-17
Let b(y) = 66*y + 2. Give b(-1).
-64
Let d(n) = 4*n**3 + n**2 + 2*n - 2. Determine d(1).
5
Let s(d) = 10*d. Calculate s(-1).
-10
Let p(h) = -h**2 + 3*h - 1. Give p(-5).
-41
Let r(s) = -7*s**2 - 183*s - 31. Calculate r(-26).
-5
Let l(k) = -k**3 + 6*k**2 + k - 8. Determine l(6).
-2
Let i(k) = k**2 - 5*k - 14. Calculate i(7).
0
Let q(y) = -3*y + 22. Determine q(8).
-2
Let p(q) = q**3 + 17*q**2 - 2*q - 17. Give p(-17).
17
Let k(v) = -22*v + 308. Determine k(15).
-22
Let k(c) = -c**3 - 6*c**2 - c + 2. Determine k(-6).
8
Let b(q) = q**3 + q - 54. What is b(0)?
-54
Let r(t) = -9*t + 12. Give r(8).
-60
Let k(x) = x**3 - 6*x**2 + 11*x - 5. Determine k(4).
7
Let c(v) = 4*v**2 + 38*v + 8. Calculate c(-6).
-76
Let r(p) = -18*p - 97. Determine r(-5).
-7
Let a(p) = -p**3 - 15*p**2 - 1. Determine a(-15).
-1
Let t(y) = -y**2 - 13*y - 29. Give t(-10).
1
Let n(l) = -4*l + 2. What is n(4)?
-14
Let j(v) = -2*v**2 - 3*v - 6. Give j(-4).
-26
Let h(k) = -k**3 - 8*k**2 + 2*k + 10. Give h(-8).
-6
Let k(x) = -x**2 - 7*x + 48. Give k(5).
-12
Let d(x) = 44*x**2 + 6*x + 10. What is d(-2)?
174
Let a(l) = -l**3 - 11*l**2 - 8*l + 8. What is a(-7)?
-132
Let p(h) = -h**3 + 4*h**2 + 5*h + 6. Give p(5).
6
Let z(i) = 11*i**2 - 15*i. Determine z(1).
-4
Let b(v) = v - 23. Calculate b(-13).
-36
Let w(a) = a - 9. What is w(-2)?
-11
Let q(a) = -a**2 - 4*a + 82. Determine q(8).
-14
Let g(a) = a**3 - 16*a**2 - 16*a - 8. Give g(17).
9
Let l(p) = -p**3 - 20*p**2 - 18*p - 10. Give l(-19).
-29
Let f(y) = -4*y + 96. Calculate f(30).
-24
Let k(q) = q**3 - 9*q**2 + 3*q + 11. What is k(0)?
11
Let q(g) = 2*g**2 + 3. Determine q(0).
3
Let m(u) = 14*u**3 + u**2. Determine m(-1).
-13
Let a(x) = 2*x**3 - 2*x**2 - 5*x + 2. Calculate a(-2).
-12
Let n(b) = b**2 - 7*b - 1. What is n(8)?
7
Let v(b) = -14*b**3 + 3*b + 4. Determine v(-1).
15
Let y(d) = d**2 + 17*d + 65. What is y(-16)?
49
Let v(p) = -p - 66. Give v(-38).
-28
Let h(n) = -n + 5. Calculate h(6).
-1
Let u(t) = t**3 - 4*t**2 + 2*t - 4. Calculate u(4).
4
Let h(g) = g + 1. Calculate h(-6).
-5
Let l(q) = q**2 - 8*q + 19. Determine l(5).
4
Let d(o) = o**2 + 3*o - 6. Determine d(-3).
-6
Let z(g) = -g**3 + 4*g**2 - g + 3. Determine z(3).
9
Let z(h) = 76*h - 304. Give z(4).
0
Let l(c) = -2*c**3 + 18*c**2 + c - 4. Give l(9).
5
Let a(s) = -6*s - 1. Give a(2).
-13
Let a(b) = 2*b + 22. Give a(-9).
4
Let a(t) = t**3 - 28*t**2 + 54*t - 60. Calculate a(26).
-8
Let z(k) = -k**3 - 10*k**2 - 13*k - 13. Calculate z(-9).
23
Let y(q) = q**3 + 8*q**2 - 11*q - 4. Determine y(-9).
14
Let r(b) = -2*b**2 - 2*b + 8. What is r(-4)?
-16
Let t(s) = 4*s**2 + 7*s + 2. Give t(-2).
4
Let u(k) = k - 6. Give u(-7).
-13
Let o(h) = -h**2 - 8*h - 2. Give o(-6).
10
Let t(i) = 3*i**2 - 4*i + 5. Give t(2).
9
Let z(w) = 2*w - 11. What is z(7)?
3
Let o(u) = -u**2 + 15*u + 54. Determine o(18).
0
Let n(s) = s**3 + 10*s**2 + 9*s. Give n(-9).
0
Let b(a) = -2*a + 10. Determine b(8).
-6
Let y(a) = a**3 - 5*a**2 + 3*a - 50. Calculate y(6).
4
Let h(c) = 9*c - 31. Calculate h(4).
5
Let v(n) = -n**3 + 4*n**2 + 7*n - 5. Determine v(6).
-35
Let y(d) = -d - 14. What is y(-12)?
-2
Let y(m) = -7*m - 115. Give y(-15).
-10
Let w(h) = h**3 + 7*h**2 + 2*h - 8. Determine w(-6).
16
Let y(f) = 5*f**3 + f**2 + 3*f + 2. Determine y(-1).
-5
Let m(b) = 11*b - 141. Give m(13).
2
Let w(v) = -v**3 + 5*v**2 + 8*v + 1. What is w(6)?
13
Let l(p) = 4*p - 4. Give l(4).
12
Let p(y) = y**2 - 39*y + 43. Calculate p(37).
-31
Let r(d) = d**2 + 8*d + 8. What is r(-7)?
1
Let j(h) = -7*h + 2. Determine j(10).
-68
Let w(d) = -2*d**2 + 7*d + 13. What is w(7)?
-36
Let d(i) = i**3 - 15*i**2 + 11*i + 40. Determine d(14).
-2
Let i(m) = -5*m**3 - m**2 + m. Give i(1).
-5
Let h(m) = m + 14. Give h(10).
24
Let k(l) = -40*l**3 + l**2 - l - 1. What is k(-1)?
41
Let v(c) = -c**2 - 9*c - 8. Give v(-8).
0
Let g(i) = -i**2 - 11*i - 1. Give g(-5).
29
Let l(r) = -r**3 + 10*r**2 - 4*r - 16. Give l(11).
-181
Let u(y) = y**2 - 34*y + 164. Give u(29).
19
Let r(m) = m**2 - 20*m - 20. What is r(21)?
1
Let n(q) = q**3 + 12*q**2 + 36*q + 13. Give n(-7).
6
Let i(r) = 72*r - 572. Calculate i(8).
4
Let b(g) = -2*g**2 - 19*g - 13. Give b(-9).
-4
Let l(y) = -y**2 - 16*y + 12. Determine l(-17).
-5
Let h(z) = -z - 22. Calculate h(-14).
-8
Let o(x) = -2*x**3 + 5*x**2 + 19*x + 3. What is o(6)?
-135
Let s(m) = -m**3 + 7*m**2 - 9*m + 5. Determine s(5).
10
Let b(k) = 2*k**2 + 5*k - 3. Calculate b(-4).
9
Let a(g) = g**2 - 3*g - 6. What is a(-2)?
4
Let c(m) = m**3 + m + 1. Calculate c(2).
11
Let t(z) = -3*z + 18. Give t(6).
0
Let z(q) = -2*q**2 - 20*q - 52. Calculate z(-7).
-10
Let s(z) = z**3 + 13*z**2 - 2*z + 1. What is s(-13)?
27
Let y(s) = 34*s**3 - 3*s**2 + 3*s - 1. Give y(1).
33
Let c(o) = -5*o**3 - 2*o**2 - 2*o + 1. Give c(-2).
37
Let k(j) = j + 16. Give k(10).
26
Let j(c) = -2*c**2 + 50*c - 279. What is j(9)?
9
Let c(q) = -2*q - 4. Give c(-9).
14
Let j(q) = -3*q**3 - 31*q**2 + 25*q + 19. Determine j(-11).
-14
Let l(d) = d**2 - 6*d - 12. Calculate l(5).
-17
Let n(p) = p**3 + 27*p**2 - 88*p + 63. Calculate n(-30).
3
Let c(o) = -3*o**2 - 10*o + 14. Calculate c(0).
14
Let k(m) = -m**3 + 7*m**2 - 7. What is k(6)?
29
Let h(m) = -m + 2. Calculate h(4).
-2
Let q(i) = -i**3 - 3*i**2 + 5*i - 11. Determine q(-5).
14
Let l(t) = -t**2 - 7*t + 17. Calculate l(0).
17
Let f(v) = v + 29. Calculate f(-24).
5
Let x(l) = -l**2 - 9*l + 31. Calculate x(0).
31
Let k(v) = -6*v + 13. Give k(-5).
43
Let p(q) = -q**3 - 4*q**2 + 5*q + 4. Calculate p(-4).
-16
Let p(t) = -4*t + 7. Give p(5).
-13
Let q(i) = -i - 8. Calculate q(4).
-12
Let g(c) = -c**3 + 7*c**2 + 97*c - 5. Determine g(-7).
2
Let l(x) = x**3 - 5*x**2 - 8*x + 5. Determine l(6).
-7
Let h(u) = -u - 53. Give h(-10).
-43
Let p(i) = -i**2 + 5*i - 9. Determine p(7).
-23
Let c(w) = 72*w + 2. What is c(-1)?
-70
Let m(z) = 30*z + 21. What is m(-1)?
-9
Let s(h) = -30*h + 4. Determine s(3).
-86
Let h(t) = t**3 + 8*t**2 + 7*t + 8. Determine h(-7).
8
Let x(k) = 9*k - 7. Determine x(-3).
-34
Let u(f) = f**3 + 6*f**2 + 3*f - 5. Give u(-5).
5
Let g(f) = -f - 1. Determine g(-1).
0
Let l(r) = r**2 + 17*r - 64. Give l(3).
-4
Let m(k) = -k + 46. Calculate m(0).
46
Let q(b) = -3*b**2 - 23*b - 25. Calculate q(-5).
15
Let d(l) = -l**2 + 37*l - 173. Determine d(5).
-13
Let p(v) = -3*v - 12. Calculate p(5).
-27
Let d(n) = n - 44. What is d(18)?
-26
Let b(g) = -2*g**2 - 2*g + 7. Give b(-3).
-5
Let g(o) = -o**2 - 16*o - 3. Calculate g(-15).
12
Let o(p) = p - 5. Calculate o(-5).
-10
Let a(l) = -l**3 - 5*l**2 + 6*l - 1. Calculate a(-6).
-1
Let w(r) = -r**2 - 10*r - 7. Give w(-5).
18
Let y(g) = -2*g**2 + 3*g + 1. Give y(-2).
-13
Let f(h) = -h**3 - h**2 - 4. What is f(-2)?
0
Let q(n) = n**3 + 8*n**2 + n - 23. Give q(-6).
43
Let z(n) = -n**2 - 7*n - 13. Calculate z(-3).
-1
Let z(c) = c**3 - c + 9. Calculate z(0).
9
Let u(k) = -k**2 + 6*k - 10. What is u(10)?
-50
Let f(h) = 7*h - 19. Determine f(6).
23
Let v(s) = -2*s**2 + 3*s - 46. Determine v(0).
-46
Let r(i) = -i**2 + 8*i - 2. What is r(4)?
14
Let g(c) = 3*c**2 - 29*c + 7. Give g(9).
-11
Let b(z) = -z + 2. Give b(25).
-23
Let f(r) = -r**3 + r**2 + 3*r - 2. Calculate f(1).
1
Let t(h) = -2*h + 1. Calculate t(-10).
21
Let o(a) = 14*a - 100. Give o(6).
-16
Let c(d) = d**3 - 21*d**2 - d + 23. Give c(21).
2
Let c(n) = -2*n**2 + 6*n + 71. What is c(-5)?
-9
Let w(i) = -i**3 - 2*i**2 - i + 4. Calculate w(-2).
6
Let h(s) = -s**2 - 16*s - 12. Determine h(-10).
48
Let t(j) = -2*j + 22. Determine t(16).
-10
Let p(u) = -61*u + 8. Give p(2).
-114
Let w(o) = 2*o - 30. Calculate w(11).
-8
Let u(l) = 26*l + 293. Calculate u(-11).
7
Let y(o) = -6*o**2 - 39*o + 1. What is y(-6)?
19
Let z(d) = d**2 + 9*d - 58. Calculate z(-17).
78
Let n(g) = g - 42. Determine n(16).
-26
Let h(s) = -11*s**2 + 2*s - 1. Give h(1).
-10
Let m(y) = -3*y - 24. Determine m(-6).
-6
Let z(y) = y**3 + 5*y**2 - 1. What is z(-5)?
-1
Let k(v) = v**3 + 13*v**2 - 13*v + 22. Calculate k(-14).
8
Let i(q) = -7*q**3 + q